se
Let q = 581 - 326. Suppose -3*t + 853 = a, 4*t = -2 - 10. Let i = q + a. Is i a composite number?
False
Suppose 158*w - 20383860 + 2022206 = 0. Is w composite?
True
Let y = -18110 + 18098. Let z(o) = 14*o + 14*o**2 + 27 - 2*o + 8*o. Is z(y) a prime number?
False
Let c be ((-36)/(-30))/(2 + (-23289)/11640). Let f = c - -2246. Is f prime?
False
Let v(h) = 2584*h**2 - 231*h - 6. Is v(5) composite?
False
Let r(b) = b**2 + 8*b + 2. Let q be r(-8). Let x = 5614 - 2687. Suppose 3*c - 3*i - x = -i, -q*i + 4 = 0. Is c composite?
False
Suppose -61*s - 55*s + 121*s - 1624565 = 0. Is s composite?
True
Let h(o) = -2 - 3*o - o - 7 + 0 + o**2. Let k be h(-7). Is (-4 - k/(-6))*30/4 a prime number?
False
Suppose 0 = -5*u, 2*m - 24 = -2*u - u. Suppose m*h = 18*h - 71178. Is h composite?
False
Suppose -4*d - 4*t - 36508 = 0, 5*d + 55098 = 2*t + 9428. Let m = d - -13963. Is m composite?
False
Suppose 2*s = -2*i - i + 13, -4*s - 19 = -3*i. Suppose 2*n = 3*x - i, x = 2*x - 1. Is (-1 + 6/4)/(n/(-1402)) prime?
True
Let r(y) = 3 - 15 + 158*y - 7. Suppose 38*d - 215 = -5*d. Is r(d) prime?
False
Let p = 980 - 939. Suppose 0 = -42*a + p*a + 3*r + 9658, r = -3*a + 28924. Is a a composite number?
False
Suppose 0 = -x - 7*x + 32. Suppose 1035 = 5*l - x*s, 0*l = l + 4*s - 231. Is l prime?
True
Suppose 0 = -3*y - 3*s + 87016 + 6329, -3*s + 124466 = 4*y. Is y a prime number?
True
Let n = -11 + 17. Suppose 4*w - 24 = -4*v, w - 2*v = -3*w + n. Suppose -w*u - 9*x + 2193 = -4*x, 4*x = -3*u + 2193. Is u prime?
False
Let n = 64 + -61. Let v(y) = -y**3 + 4*y**2 - 4*y. Let p be v(n). Is 4500/21 + p/(42/4) a prime number?
False
Suppose -3*p + 15 = 0, -57869 = -4*i + i - 4*p. Is i a composite number?
True
Suppose 4*i - 4*j = 15 + 13, -j - 22 = -4*i. Suppose 5*h - i*r + 39 - 4 = 0, 2*r - 8 = 0. Is ((-20424)/36)/(2/h) prime?
False
Let i(d) = -3*d**3 - 7*d**2 - 3*d - 2. Let l be i(-2). Let h(b) = b**3 + 2*b**2 - b - 5. Let p be h(l). Let c(r) = 32*r**2 - 2*r + 5. Is c(p) a prime number?
False
Let u = -39491 - -61680. Is u prime?
True
Let m = 161 + -159. Suppose -1580 + 4344 = m*i. Is i prime?
False
Let v be 87*(868/(-12) + (4 - 0)). Let o = v + 15313. Is (1 + 0)/(37480/o + -4) composite?
False
Let q = 2187209 + -1104318. Is q a composite number?
False
Let y(l) = -l - 25. Let f be y(0). Let o = 45 - f. Suppose j - 5*i - 353 = o, 0 = -j - 5*i + 403. Is j composite?
True
Suppose -153*x - 8404 = -164*x. Let z be 1*4*1 - 1. Suppose 3*w = 5*p + 514, 5*w + z*p = x + 36. Is w composite?
False
Let q(p) = -2*p + 3. Let t be q(-2). Suppose t*w + 9*w = 467920. Is w a prime number?
False
Let i be -5*(-18)/(-135)*3*-1. Suppose -i*z + 7034 = 2028. Is z a prime number?
True
Suppose -4*r = -2*l + 50, 2*r = -0*r - l - 15. Let b = r - -14. Suppose -b*v + 255 = -v. Is v composite?
True
Let y = -82 + 92. Suppose 19*w = 18*w + y. Suppose w*q = -0*q + 3290. Is q prime?
False
Let h = 25 - 5. Let p be -2*(-5)/h*1230. Suppose b = -2*b + p. Is b a composite number?
True
Suppose 0 = -1016*w + 987*w + 16379983. Is w prime?
True
Let h = -35 + 23. Let f be (-16)/h - (-2)/3. Is ((-595)/(-10) - -4)*f prime?
True
Let x(n) = 19*n**3 - 123*n**2 + 67*n - 179. Is x(18) prime?
True
Let s(x) = -2086*x + 2. Let f be s(-1). Suppose 32020 = 4*q + f. Is q prime?
False
Suppose -3*k = -5*s + 31, 5*k = 5*s - 19 - 16. Suppose 6*v = s*v + 4*x + 903, -5*v = 3*x - 4423. Is v a prime number?
True
Let b = -1554542 + 5663203. Is b prime?
True
Suppose -3*m + 1 = -8. Let l(d) = 131*d + 4. Let a(i) = -132*i - 3. Let o(u) = 3*a(u) + 4*l(u). Is o(m) composite?
True
Let c(k) = -2*k**3 + 14*k**2 + 17*k - 3. Let d be ((-28)/8*6)/(-1). Let b = d - 31. Is c(b) prime?
False
Is (-1 - -4) + (-55543734)/(-333) composite?
True
Let s(n) = -n**2 + 8*n - 9. Let q be s(6). Suppose -2*d = 4*c - 622, q*c + 5*d = 8*d + 462. Is c prime?
False
Let j(d) = -d**2 + 13*d - 30. Let h be j(9). Let b(r) = 7*r - 42. Let c be b(h). Is c - 3 - -6 - -896 composite?
True
Let c = 115 + -119. Is 21958*(1 - 0) - (c + 1) prime?
True
Suppose 18*n = 17*x + 17*n - 29990573, -2*n = 2*x - 3528290. Is x composite?
False
Suppose 5*i = -0*b - b, -4*i - 27 = -b. Suppose 14*h - 9*h = b. Is (-335)/(-45)*3*h composite?
False
Suppose -84*p = -18681664 - 5966573 + 3115929. Is p prime?
True
Let h(c) = -10*c**2 - 54*c + 15. Let y be h(17). Let p = 1305 - y. Is p a composite number?
True
Suppose 1002914 = 2*h - 4*n, 132*n + 2005810 = 4*h + 130*n. Is h composite?
False
Suppose -21*l + 4041972 + 2011432 = -5000135. Is l a composite number?
True
Let m be 3680/6 + -1 + 5/(-15). Suppose 3*x = -0*x - m. Let f = x - -301. Is f composite?
False
Let r(n) = -n**3 + 6*n**2 - 5*n + 4. Let i(b) = -b - 2. Let k be i(-7). Let s be r(k). Let o(d) = 6*d**3 + 8*d + 1. Is o(s) a prime number?
False
Is (-15279856525)/(-6175) - 8/(-26) composite?
True
Let v = -195967 + 278738. Is v prime?
False
Suppose -9*q - 23 = -176. Suppose 0 = -5*d + 97 - q. Let i = 22 + d. Is i a prime number?
False
Let c(n) = -213*n - 34. Let o = 116 + -120. Is c(o) composite?
True
Suppose 1892 + 336 = 4*p. Let v = -334 + p. Is (-17)/(-2)*(v - 21) composite?
True
Suppose -2*b + 36602 = 2*v - v, -4*b = -5*v - 73232. Suppose -4*d = 5*r - b, r + 2*r - 3*d - 10971 = 0. Is r a composite number?
False
Let i = -2 - -4. Suppose -23*q + 95 = -4*q. Suppose -i*d - 2623 = -q*l, 3*l = l + d + 1050. Is l composite?
False
Suppose 2*s - 3*s - 1 = 0, 2*s + 22 = 5*h. Suppose 2*f = -5*y + 71893, -h*f - 5500 = 2*y - 34254. Is y a prime number?
False
Let v(t) = 245*t - 8 - 231*t - 32 - 1861*t. Is v(-7) composite?
False
Is 55/(-22)*7/((-35)/186278) prime?
True
Let q = -25908 - -40471. Is q prime?
True
Let h(q) = -q**3 + 5*q + 4. Let r be h(3). Is ((-36)/96)/3 - 6521/r prime?
False
Let o = 14 + -24. Let u be o + (0 - -5) - -4. Is -2 - 399*(0 + u) composite?
False
Is (50 - (-8288)/(-168)) + ((-1804922)/(-6) - 0) a composite number?
False
Let d(j) = 2*j**3 - j + 4. Let b be d(0). Suppose -3 = -b*l + 1. Let g(p) = 1567*p**2 - 2*p + 2. Is g(l) a composite number?
False
Let f be 4/(-10) - ((-72510)/25)/6. Let s = -334 + f. Is s a composite number?
False
Suppose 0 = -2*d - 3*q + 14 + 25, 42 = 2*d + 2*q. Suppose d*c = 26*c - 1310. Suppose -1935 - c = -3*j + u, 0 = 4*j - 2*u - 3450. Is j composite?
True
Let l = 70 + -38. Suppose 0 = 24*a - 16*a + l. Is 37/(a + 5)*1 a prime number?
True
Let d(v) = -35*v**3 + 8*v**2 - 5*v - 7. Let c(w) = -w**3 + w**2 - w. Let r(n) = -4*c(n) + d(n). Is r(-2) composite?
True
Let f(n) = 4 - 2*n - 9 + 31. Let u be f(11). Suppose 2*m = 4*o + 310, -3*m + 2*m = u*o - 125. Is m a prime number?
False
Let z = 3841 + -2329. Let u = z + 583. Is u a composite number?
True
Suppose 526471921 = 550*y - 512304829. Is y a prime number?
False
Let n(w) = w**2 - 2*w. Let d be n(-3). Let x be d*(1 + 9/(-15)). Suppose -x*t + 16795 = -t. Is t composite?
False
Suppose 10 - 6 = 4*r, -95143 = -4*l + 13*r. Is l composite?
False
Suppose -q = -4*q + 207. Let w = 68 - q. Is ((-1354)/8 + 1)*(-5 - w) a prime number?
True
Let s = -17629 + 25881. Let d = -2271 + s. Is d a composite number?
False
Suppose -402*l + 160269049 = 20884795. Is l a prime number?
False
Suppose 0*g = -g + 2630. Let y(p) = -2*p**2 + 13*p + 17. Let q be y(-18). Let w = g + q. Is w a composite number?
True
Let l be -95*((-10)/30)/((-2)/(-6)). Let c = 92 - l. Is (-3)/(2*c/4442) prime?
True
Let m be (-3 - (-4 - 4)) + 38600. Suppose m = y + 4*y. Is y a composite number?
True
Suppose -23*u - 16 = -24*u. Suppose 11*i - 5610 = u*i. Let f = i + 1975. Is f a composite number?
False
Let a = 52 - 52. Suppose a = 3*o - 5*o + 988. Let h = o + -283. Is h prime?
True
Let x(j) = 85*j - 9 - 41*j - 532*j. Suppose 2*c - 8 = -0*c + 3*o, -o - 8 = 2*c. Is x(c) prime?
True
Let a(m) = -5 + 20 + 12 - 5*m. Let x be a(5). Suppose -5*i = 3*l - 21661, 0 = -x*i - 1 + 5. Is l prime?
False
Let y = 142 - 142. Suppose y = 236*s - 227*s - 8163. Is s prime?
True
Suppose -24*y = -74 - 46. Suppose y*b - 4*b = -p + 5294, -10588 = -2*b + p. Is b a prime number?
False
Let w be (4/(8/(-21)))/(5/(-480)). Let t = 353 + w. Is t a composite number?
False
Let l = -356477 + 518866. Is l composite?
False
Let a(c) = c**3 + 8*c**2 - 23*c - 10. Let s be a(-10). Suppose -q = -5*y + 29, -11 = 5*y - 4*q - 52. Is y/s - (-777)/12 prime?
False
Let q(y) = 1